{"id":2248,"date":"2025-05-11T12:43:56","date_gmt":"2025-05-11T12:43:56","guid":{"rendered":"http:\/\/thepnguyenphat.kachersoft.io.vn\/nps\/wordpress\/?post_type=product&#038;p=2248"},"modified":"2025-05-12T15:22:03","modified_gmt":"2025-05-12T15:22:03","slug":"thep-gan","status":"publish","type":"product","link":"https:\/\/thepnguyenphat.kachersoft.io.vn\/?product=thep-gan","title":{"rendered":"Th\u00e9p g\u00e2n"},"content":{"rendered":"<h3 class=\"\" data-start=\"207\" data-end=\"232\"><strong data-start=\"211\" data-end=\"232\">1. M\u00f4 t\u1ea3 s\u1ea3n ph\u1ea9m<\/strong><\/h3>\n<p class=\"\" data-start=\"234\" data-end=\"569\">Th\u00e9p g\u00e2n, c\u00f2n g\u1ecdi l\u00e0 <strong data-start=\"255\" data-end=\"273\">th\u00e9p thanh v\u1eb1n<\/strong> hay <strong data-start=\"278\" data-end=\"297\">th\u00e9p c\u00e2y c\u00f3 g\u00e2n<\/strong>, l\u00e0 lo\u1ea1i th\u00e9p x\u00e2y d\u1ef1ng c\u00f3 ti\u1ebft di\u1ec7n h\u00ecnh tr\u00f2n v\u00e0 tr\u00ean b\u1ec1 m\u1eb7t c\u00f3 c\u00e1c \u0111\u01b0\u1eddng <strong data-start=\"372\" data-end=\"401\">g\u00e2n xo\u1eafn ho\u1eb7c v\u1eb1n n\u1ed5i l\u00ean<\/strong>, gi\u00fap t\u0103ng kh\u1ea3 n\u0103ng b\u00e1m d\u00ednh v\u1edbi b\u00ea t\u00f4ng. Nh\u1edd \u0111\u00f3, k\u1ebft c\u1ea5u b\u00ea t\u00f4ng c\u1ed1t th\u00e9p s\u1eed d\u1ee5ng th\u00e9p g\u00e2n s\u1ebd <strong data-start=\"497\" data-end=\"568\">ch\u1ecbu k\u00e9o t\u1ed1t h\u01a1n, li\u00ean k\u1ebft ch\u1eafc h\u01a1n v\u00e0 an to\u00e0n h\u01a1n so v\u1edbi th\u00e9p tr\u01a1n<\/strong>.<\/p>\n<h3 class=\"\" data-start=\"576\" data-end=\"602\"><strong data-start=\"580\" data-end=\"602\">2. \u01afu \u0111i\u1ec3m n\u1ed5i b\u1eadt<\/strong><\/h3>\n<ul data-start=\"604\" data-end=\"801\">\n<li class=\"\" data-start=\"604\" data-end=\"651\">\n<p class=\"\" data-start=\"606\" data-end=\"651\">Kh\u1ea3 n\u0103ng b\u00e1m d\u00ednh v\u01b0\u1ee3t tr\u1ed9i v\u1edbi b\u00ea t\u00f4ng<\/p>\n<\/li>\n<li class=\"\" data-start=\"652\" data-end=\"694\">\n<p class=\"\" data-start=\"654\" data-end=\"694\">Ch\u1ecbu k\u00e9o, ch\u1ecbu u\u1ed1n v\u00e0 ch\u1ecbu l\u1ef1c t\u1ed1t<\/p>\n<\/li>\n<li class=\"\" data-start=\"695\" data-end=\"753\">\n<p class=\"\" data-start=\"697\" data-end=\"753\">\u0110\u01b0\u1ee3c s\u1eed d\u1ee5ng r\u1ed9ng r\u00e3i trong k\u1ebft c\u1ea5u ch\u1ecbu t\u1ea3i ch\u00ednh<\/p>\n<\/li>\n<li class=\"\" data-start=\"754\" data-end=\"801\">\n<p class=\"\" data-start=\"756\" data-end=\"801\">\u0110a d\u1ea1ng m\u00e1c th\u00e9p, \u0111\u01b0\u1eddng k\u00ednh, d\u1ec5 thi c\u00f4ng<\/p>\n<\/li>\n<\/ul>\n<h3 class=\"\" data-start=\"808\" data-end=\"835\"><strong data-start=\"812\" data-end=\"835\">3. \u1ee8ng d\u1ee5ng th\u1ef1c t\u1ebf<\/strong><\/h3>\n<ul data-start=\"837\" data-end=\"1046\">\n<li class=\"\" data-start=\"837\" data-end=\"885\">\n<p class=\"\" data-start=\"839\" data-end=\"885\">C\u1ed1t th\u00e9p <strong data-start=\"848\" data-end=\"883\">m\u00f3ng, c\u1ed9t, d\u1ea7m, s\u00e0n, t\u01b0\u1eddng ch\u1eafn<\/strong><\/p>\n<\/li>\n<li class=\"\" data-start=\"886\" data-end=\"955\">\n<p class=\"\" data-start=\"888\" data-end=\"955\">Thi c\u00f4ng c\u00f4ng tr\u00ecnh <strong data-start=\"908\" data-end=\"953\">d\u00e2n d\u1ee5ng, c\u00f4ng nghi\u1ec7p, h\u1ea1 t\u1ea7ng giao th\u00f4ng<\/strong><\/p>\n<\/li>\n<li class=\"\" data-start=\"956\" data-end=\"1002\">\n<p class=\"\" data-start=\"958\" data-end=\"1002\">D\u1ef1 \u00e1n nh\u00e0 ph\u1ed1, nh\u00e0 x\u01b0\u1edfng, chung c\u01b0, cao \u1ed1c<\/p>\n<\/li>\n<li class=\"\" data-start=\"1003\" data-end=\"1046\">\n<p class=\"\" data-start=\"1005\" data-end=\"1046\">C\u1ea7u \u0111\u01b0\u1eddng, h\u1ea7m, k\u1ebft c\u1ea5u ch\u1ecbu l\u1ef1c \u0111\u1eb7c bi\u1ec7t<\/p>\n<\/li>\n<\/ul>\n<h3 class=\"\" data-start=\"1053\" data-end=\"1099\"><strong data-start=\"1057\" data-end=\"1099\">4. B\u1ea3ng quy c\u00e1ch ph\u1ed5 bi\u1ebfn c\u1ee7a Th\u00e9p G\u00e2n<\/strong><\/h3>\n<div class=\"_tableContainer_16hzy_1\">\n<div class=\"_tableWrapper_16hzy_14 group flex w-fit flex-col-reverse\" tabindex=\"-1\">\n<table class=\"w-fit min-w-(--thread-content-width)\" style=\"border: 2px solid black; border-collapse: collapse;\">\n<thead>\n<tr>\n<th style=\"border: 1px solid black;\">\u0110\u01b0\u1eddng k\u00ednh danh \u0111\u1ecbnh (mm)<\/th>\n<th style=\"border: 1px solid black;\">Tr\u1ecdng l\u01b0\u1ee3ng (kg\/c\u00e2y 11.7m)<\/th>\n<th style=\"border: 1px solid black;\">Ti\u00eau chu\u1ea9n<\/th>\n<th style=\"border: 1px solid black;\">M\u00e1c th\u00e9p<\/th>\n<th style=\"border: 1px solid black;\">Ghi ch\u00fa<\/th>\n<\/tr>\n<\/thead>\n<tbody>\n<tr>\n<td style=\"border: 1px solid black;\">\u00d810<\/td>\n<td style=\"border: 1px solid black;\">~7.21<\/td>\n<td style=\"border: 1px solid black;\">TCVN 1651-2:2018<\/td>\n<td style=\"border: 1px solid black;\">CB300-V<\/td>\n<td style=\"border: 1px solid black;\">Th\u00e9p c\u00e2y, c\u00f3 g\u00e2n xo\u1eafn<\/td>\n<\/tr>\n<tr>\n<td style=\"border: 1px solid black;\">\u00d812<\/td>\n<td style=\"border: 1px solid black;\">~10.4<\/td>\n<td style=\"border: 1px solid black;\">ASTM A615, JIS G3112<\/td>\n<td style=\"border: 1px solid black;\">SD295A, Gr40<\/td>\n<td style=\"border: 1px solid black;\"><\/td>\n<\/tr>\n<tr>\n<td style=\"border: 1px solid black;\">\u00d814<\/td>\n<td style=\"border: 1px solid black;\">~14.2<\/td>\n<td style=\"border: 1px solid black;\">BS4449<\/td>\n<td style=\"border: 1px solid black;\">B500B, CB400-V<\/td>\n<td style=\"border: 1px solid black;\"><\/td>\n<\/tr>\n<tr>\n<td style=\"border: 1px solid black;\">\u00d816<\/td>\n<td style=\"border: 1px solid black;\">~18.5<\/td>\n<td style=\"border: 1px solid black;\">TCVN, JIS, ASTM<\/td>\n<td style=\"border: 1px solid black;\">CB300-V, SD390<\/td>\n<td style=\"border: 1px solid black;\"><\/td>\n<\/tr>\n<tr>\n<td style=\"border: 1px solid black;\">\u00d818 \u2013 \u00d825<\/td>\n<td style=\"border: 1px solid black;\">~23.4 \u2013 43.7<\/td>\n<td style=\"border: 1px solid black;\"><\/td>\n<td style=\"border: 1px solid black;\"><\/td>\n<td style=\"border: 1px solid black;\">Theo nhu c\u1ea7u k\u1ebft c\u1ea5u<\/td>\n<\/tr>\n<\/tbody>\n<\/table>\n<\/div>\n<\/div>\n<blockquote data-start=\"1980\" data-end=\"2135\">\n<p class=\"\" data-start=\"1982\" data-end=\"2135\">\ud83d\udccc Th\u00e9p g\u00e2n \u0111\u01b0\u1ee3c s\u1ea3n xu\u1ea5t d\u1ea1ng <strong data-start=\"2013\" data-end=\"2030\">c\u00e2y d\u00e0i 11.7m<\/strong> ho\u1eb7c <strong data-start=\"2036\" data-end=\"2068\">c\u1eaft theo y\u00eau c\u1ea7u c\u00f4ng tr\u00ecnh.<\/strong><br data-start=\"2068\" data-end=\"2071\" \/>\ud83d\udccc \u0110\u01b0\u1eddng k\u00ednh th\u01b0\u1eddng t\u1eeb \u00d810 \u0111\u1ebfn \u00d832 mm, s\u1eb5n h\u00e0ng m\u1ecdi s\u1ed1 l\u01b0\u1ee3ng.<\/p>\n<\/blockquote>\n<h3 class=\"\" data-start=\"2142\" data-end=\"2184\"><strong data-start=\"2146\" data-end=\"2184\">5. Ti\u00eau chu\u1ea9n \u2013 M\u00e1c th\u00e9p \u2013 Xu\u1ea5t x\u1ee9<\/strong><\/h3>\n<ul data-start=\"2186\" data-end=\"2398\">\n<li class=\"\" data-start=\"2186\" data-end=\"2252\">\n<p class=\"\" data-start=\"2188\" data-end=\"2252\"><strong data-start=\"2188\" data-end=\"2203\">Ti\u00eau chu\u1ea9n:<\/strong> TCVN 1651-2:2018, JIS G3112, ASTM A615, BS4449<\/p>\n<\/li>\n<li class=\"\" data-start=\"2253\" data-end=\"2314\">\n<p class=\"\" data-start=\"2255\" data-end=\"2314\"><strong data-start=\"2255\" data-end=\"2268\">M\u00e1c th\u00e9p:<\/strong> CB300-V, CB400-V, SD295A, SD390, Gr40, Gr60<\/p>\n<\/li>\n<li class=\"\" data-start=\"2315\" data-end=\"2398\">\n<p class=\"\" data-start=\"2317\" data-end=\"2398\"><strong data-start=\"2317\" data-end=\"2329\">Xu\u1ea5t x\u1ee9:<\/strong> H\u00f2a Ph\u00e1t, Vi\u1ec7t Nh\u1eadt (VJS), Pomina, Mi\u1ec1n Nam, Trung Qu\u1ed1c, H\u00e0n Qu\u1ed1c&#8230;<\/p>\n<\/li>\n<\/ul>\n<h3 class=\"\" data-start=\"2405\" data-end=\"2436\"><strong data-start=\"2409\" data-end=\"2436\">6. Cam k\u1ebft t\u1eeb ch\u00fang t\u00f4i<\/strong><\/h3>\n<p class=\"\" data-start=\"2438\" data-end=\"2649\">H\u00e0ng ch\u00ednh h\u00e3ng \u2013 \u0111\u00fang chu\u1ea9n, \u0111\u1ee7 tr\u1ecdng l\u01b0\u1ee3ng, \u0111\u1ee7 c\u00e2y<br data-start=\"2492\" data-end=\"2495\" \/>CO\/CQ \u0111\u1ea7y \u0111\u1ee7 \u2013 \u0111\u00e1p \u1ee9ng ki\u1ec3m tra c\u00f4ng tr\u00ecnh<br data-start=\"2539\" data-end=\"2542\" \/>Giao h\u00e0ng t\u1eadn n\u01a1i \u2013 c\u1eaft theo y\u00eau c\u1ea7u<br data-start=\"2580\" data-end=\"2583\" \/>Gi\u00e1 t\u1ed1t \u2013 chi\u1ebft kh\u1ea5u cho \u0111\u01a1n h\u00e0ng l\u1edbn \u2013 h\u1ed7 tr\u1ee3 k\u1ef9 thu\u1eadt mi\u1ec5n ph\u00ed<\/p>\n","protected":false},"excerpt":{"rendered":"<p><strong>\u0110\u01a1n h\u00e0ng t\u1ed1i thi\u1ec3u:\u00a0<\/strong>Li\u00ean h\u1ec7<\/p>\n<p><strong>Kh\u1ea3 n\u0103ng cung c\u1ea5p:\u00a0<\/strong>Li\u00ean h\u1ec7<\/p>\n<p><strong>Giao h\u00e0ng:\u00a0<\/strong>To\u00e0n Qu\u1ed1c<\/p>\n<p><strong>Thanh to\u00e1n:\u00a0<\/strong>Linh ho\u1ea1t<\/p>\n<p><strong>T\u00f3m t\u1eaft:\u00a0<\/strong>Th\u00e9p x\u00e2y d\u1ef1ng c\u00f3 nhi\u1ec1u \u0111\u1eb7c t\u00ednh v\u01b0\u1ee3t tr\u1ed9i nh\u01b0 \u0111\u1ed9 b\u1ec1n, ch\u1ecbu l\u1ef1c t\u1ed1t v\u00e0 \u0111\u1ed9 co d\u00e3n nh\u1ecf khi ch\u1ecbu t\u1ea3i tr\u1ecdng. Nh\u1edd nh\u1eefng t\u00ednh ch\u1ea5t n\u00e0y, n\u00f3 \u0111\u01b0\u1ee3c s\u1eed d\u1ee5ng \u0111\u1ec3 x\u00e2y d\u1ef1ng c\u00e1c c\u00f4ng tr\u00ecnh nh\u01b0 nh\u00e0 cao t\u1ea7ng, c\u1ea7u, nh\u00e0 x\u01b0\u1edfng, nh\u00e0 th\u00e9p ti\u1ec1n ch\u1ebf, v\u00e0 nhi\u1ec1u lo\u1ea1i c\u1ea5u tr\u00fac kh\u00e1c.<\/p>\n","protected":false},"featured_media":2228,"comment_status":"open","ping_status":"closed","template":"","meta":{"inline_featured_image":false},"product_brand":[],"product_cat":[21],"product_tag":[],"class_list":{"0":"post-2248","1":"product","2":"type-product","3":"status-publish","4":"has-post-thumbnail","6":"product_cat-thep-xay-dung","8":"first","9":"instock","10":"shipping-taxable","11":"product-type-simple"},"_links":{"self":[{"href":"https:\/\/thepnguyenphat.kachersoft.io.vn\/index.php?rest_route=\/wp\/v2\/product\/2248","targetHints":{"allow":["GET"]}}],"collection":[{"href":"https:\/\/thepnguyenphat.kachersoft.io.vn\/index.php?rest_route=\/wp\/v2\/product"}],"about":[{"href":"https:\/\/thepnguyenphat.kachersoft.io.vn\/index.php?rest_route=\/wp\/v2\/types\/product"}],"replies":[{"embeddable":true,"href":"https:\/\/thepnguyenphat.kachersoft.io.vn\/index.php?rest_route=%2Fwp%2Fv2%2Fcomments&post=2248"}],"wp:featuredmedia":[{"embeddable":true,"href":"https:\/\/thepnguyenphat.kachersoft.io.vn\/index.php?rest_route=\/wp\/v2\/media\/2228"}],"wp:attachment":[{"href":"https:\/\/thepnguyenphat.kachersoft.io.vn\/index.php?rest_route=%2Fwp%2Fv2%2Fmedia&parent=2248"}],"wp:term":[{"taxonomy":"product_brand","embeddable":true,"href":"https:\/\/thepnguyenphat.kachersoft.io.vn\/index.php?rest_route=%2Fwp%2Fv2%2Fproduct_brand&post=2248"},{"taxonomy":"product_cat","embeddable":true,"href":"https:\/\/thepnguyenphat.kachersoft.io.vn\/index.php?rest_route=%2Fwp%2Fv2%2Fproduct_cat&post=2248"},{"taxonomy":"product_tag","embeddable":true,"href":"https:\/\/thepnguyenphat.kachersoft.io.vn\/index.php?rest_route=%2Fwp%2Fv2%2Fproduct_tag&post=2248"}],"curies":[{"name":"wp","href":"https:\/\/api.w.org\/{rel}","templated":true}]}}